{"id":2085,"date":"2020-03-11T14:35:02","date_gmt":"2020-03-11T13:35:02","guid":{"rendered":"https:\/\/mieux-etre-dk.com\/?page_id=2085"},"modified":"2020-03-11T15:13:25","modified_gmt":"2020-03-11T14:13:25","slug":"album-de-reflexologie-plantaire","status":"publish","type":"page","link":"https:\/\/mieux-etre-dk.com\/index.php\/album-de-reflexologie-plantaire\/","title":{"rendered":"Album de r\u00e9flexologie plantaire"},"content":{"rendered":"<table style=\"border-collapse: collapse; width: 100%;\">\n<tbody>\n<tr>\n<td style=\"width: 50%; text-align: center;\"><iframe loading=\"lazy\" src=\"\/\/www.youtube.com\/embed\/Q2YBZqjvUBU\" width=\"400\" height=\"224\" allowfullscreen=\"allowfullscreen\"><\/iframe><\/td>\n<td style=\"width: 50%;\"><a href=\"https:\/\/mieux-etre-dk.com\/index.php\/album-photo-reflexologie-plantaire__trashed\/reflexologie-plantaire-4\/\" rel=\"attachment wp-att-2069\"><img loading=\"lazy\" decoding=\"async\" class=\"aligncenter size-medium wp-image-2069\" src=\"https:\/\/mieux-etre-dk.com\/wp-content\/uploads\/2020\/03\/R\u00e9flexologie-plantaire-4-300x251.png\" alt=\"\" width=\"300\" height=\"251\" srcset=\"https:\/\/mieux-etre-dk.com\/wp-content\/uploads\/2020\/03\/R\u00e9flexologie-plantaire-4-300x251.png 300w, https:\/\/mieux-etre-dk.com\/wp-content\/uploads\/2020\/03\/R\u00e9flexologie-plantaire-4-768x644.png 768w, https:\/\/mieux-etre-dk.com\/wp-content\/uploads\/2020\/03\/R\u00e9flexologie-plantaire-4.png 940w\" sizes=\"auto, (max-width: 300px) 100vw, 300px\" \/><\/a><\/td>\n<\/tr>\n<tr>\n<td style=\"width: 50%;\"><a href=\"https:\/\/mieux-etre-dk.com\/index.php\/album-photo-reflexologie-plantaire__trashed\/reflexologie-plantaire-5\/\" rel=\"attachment wp-att-2068\"><img loading=\"lazy\" decoding=\"async\" class=\"aligncenter size-medium wp-image-2068\" src=\"https:\/\/mieux-etre-dk.com\/wp-content\/uploads\/2020\/03\/R\u00e9flexologie-plantaire-5-300x251.png\" alt=\"\" width=\"300\" height=\"251\" srcset=\"https:\/\/mieux-etre-dk.com\/wp-content\/uploads\/2020\/03\/R\u00e9flexologie-plantaire-5-300x251.png 300w, https:\/\/mieux-etre-dk.com\/wp-content\/uploads\/2020\/03\/R\u00e9flexologie-plantaire-5-768x644.png 768w, https:\/\/mieux-etre-dk.com\/wp-content\/uploads\/2020\/03\/R\u00e9flexologie-plantaire-5.png 940w\" sizes=\"auto, (max-width: 300px) 100vw, 300px\" \/><\/a><\/td>\n<td style=\"width: 50%;\"><a href=\"https:\/\/mieux-etre-dk.com\/index.php\/album-photo-reflexologie-plantaire__trashed\/reflexologie-plantaire-7\/\" rel=\"attachment wp-att-2067\"><img loading=\"lazy\" decoding=\"async\" class=\"aligncenter size-medium wp-image-2067\" src=\"https:\/\/mieux-etre-dk.com\/wp-content\/uploads\/2020\/03\/R\u00e9flexologie-plantaire-7-300x251.png\" alt=\"\" width=\"300\" height=\"251\" srcset=\"https:\/\/mieux-etre-dk.com\/wp-content\/uploads\/2020\/03\/R\u00e9flexologie-plantaire-7-300x251.png 300w, https:\/\/mieux-etre-dk.com\/wp-content\/uploads\/2020\/03\/R\u00e9flexologie-plantaire-7-768x644.png 768w, https:\/\/mieux-etre-dk.com\/wp-content\/uploads\/2020\/03\/R\u00e9flexologie-plantaire-7.png 940w\" sizes=\"auto, (max-width: 300px) 100vw, 300px\" \/><\/a><\/td>\n<\/tr>\n<tr>\n<td style=\"width: 50%;\"><a href=\"https:\/\/mieux-etre-dk.com\/index.php\/album-photo-reflexologie-plantaire__trashed\/reflexologie-plantaire-8\/\" rel=\"attachment wp-att-2066\"><img loading=\"lazy\" decoding=\"async\" class=\"aligncenter size-medium wp-image-2066\" src=\"https:\/\/mieux-etre-dk.com\/wp-content\/uploads\/2020\/03\/R\u00e9flexologie-plantaire-8-300x251.png\" alt=\"\" width=\"300\" height=\"251\" srcset=\"https:\/\/mieux-etre-dk.com\/wp-content\/uploads\/2020\/03\/R\u00e9flexologie-plantaire-8-300x251.png 300w, https:\/\/mieux-etre-dk.com\/wp-content\/uploads\/2020\/03\/R\u00e9flexologie-plantaire-8-768x644.png 768w, https:\/\/mieux-etre-dk.com\/wp-content\/uploads\/2020\/03\/R\u00e9flexologie-plantaire-8.png 940w\" sizes=\"auto, (max-width: 300px) 100vw, 300px\" \/><\/a><\/td>\n<td style=\"width: 50%;\"><a href=\"https:\/\/mieux-etre-dk.com\/index.php\/album-photo-reflexologie-plantaire__trashed\/reflexologie-plantaire-9\/\" rel=\"attachment wp-att-2065\"><img loading=\"lazy\" decoding=\"async\" class=\"aligncenter size-medium wp-image-2065\" src=\"https:\/\/mieux-etre-dk.com\/wp-content\/uploads\/2020\/03\/R\u00e9flexologie-plantaire-9-300x251.png\" alt=\"\" width=\"300\" height=\"251\" srcset=\"https:\/\/mieux-etre-dk.com\/wp-content\/uploads\/2020\/03\/R\u00e9flexologie-plantaire-9-300x251.png 300w, https:\/\/mieux-etre-dk.com\/wp-content\/uploads\/2020\/03\/R\u00e9flexologie-plantaire-9-768x644.png 768w, https:\/\/mieux-etre-dk.com\/wp-content\/uploads\/2020\/03\/R\u00e9flexologie-plantaire-9.png 940w\" sizes=\"auto, (max-width: 300px) 100vw, 300px\" \/><\/a><\/td>\n<\/tr>\n<tr>\n<td style=\"width: 50%;\"><a href=\"https:\/\/mieux-etre-dk.com\/index.php\/album-photo-reflexologie-plantaire__trashed\/reflexologie-plantaire-10\/\" rel=\"attachment wp-att-2064\"><img loading=\"lazy\" decoding=\"async\" class=\"aligncenter size-medium wp-image-2064\" src=\"https:\/\/mieux-etre-dk.com\/wp-content\/uploads\/2020\/03\/R\u00e9flexologie-plantaire-10-300x251.png\" alt=\"\" width=\"300\" height=\"251\" srcset=\"https:\/\/mieux-etre-dk.com\/wp-content\/uploads\/2020\/03\/R\u00e9flexologie-plantaire-10-300x251.png 300w, https:\/\/mieux-etre-dk.com\/wp-content\/uploads\/2020\/03\/R\u00e9flexologie-plantaire-10-768x644.png 768w, https:\/\/mieux-etre-dk.com\/wp-content\/uploads\/2020\/03\/R\u00e9flexologie-plantaire-10.png 940w\" sizes=\"auto, (max-width: 300px) 100vw, 300px\" \/><\/a><\/td>\n<td style=\"width: 50%;\"><a href=\"https:\/\/mieux-etre-dk.com\/index.php\/album-photo-reflexologie-plantaire__trashed\/reflexologie-plantaire-11\/\" rel=\"attachment wp-att-2063\"><img loading=\"lazy\" decoding=\"async\" class=\"aligncenter size-medium wp-image-2063\" src=\"https:\/\/mieux-etre-dk.com\/wp-content\/uploads\/2020\/03\/R\u00e9flexologie-plantaire-11-300x251.png\" alt=\"\" width=\"300\" height=\"251\" srcset=\"https:\/\/mieux-etre-dk.com\/wp-content\/uploads\/2020\/03\/R\u00e9flexologie-plantaire-11-300x251.png 300w, https:\/\/mieux-etre-dk.com\/wp-content\/uploads\/2020\/03\/R\u00e9flexologie-plantaire-11-768x644.png 768w, https:\/\/mieux-etre-dk.com\/wp-content\/uploads\/2020\/03\/R\u00e9flexologie-plantaire-11.png 940w\" sizes=\"auto, (max-width: 300px) 100vw, 300px\" \/><\/a><\/td>\n<\/tr>\n<tr>\n<td style=\"width: 50%;\"><a href=\"https:\/\/mieux-etre-dk.com\/index.php\/album-photo-reflexologie-plantaire__trashed\/reflexologie-plantaire-13\/\" rel=\"attachment wp-att-2062\"><img loading=\"lazy\" decoding=\"async\" class=\"aligncenter size-medium wp-image-2062\" src=\"https:\/\/mieux-etre-dk.com\/wp-content\/uploads\/2020\/03\/R\u00e9flexologie-plantaire-13-300x251.png\" alt=\"\" width=\"300\" height=\"251\" srcset=\"https:\/\/mieux-etre-dk.com\/wp-content\/uploads\/2020\/03\/R\u00e9flexologie-plantaire-13-300x251.png 300w, https:\/\/mieux-etre-dk.com\/wp-content\/uploads\/2020\/03\/R\u00e9flexologie-plantaire-13-768x644.png 768w, https:\/\/mieux-etre-dk.com\/wp-content\/uploads\/2020\/03\/R\u00e9flexologie-plantaire-13.png 940w\" sizes=\"auto, (max-width: 300px) 100vw, 300px\" \/><\/a><\/td>\n<td style=\"width: 50%;\"><a href=\"https:\/\/mieux-etre-dk.com\/index.php\/album-photo-reflexologie-plantaire__trashed\/reflexologie-plantaire-14\/\" rel=\"attachment wp-att-2061\"><img loading=\"lazy\" decoding=\"async\" class=\"aligncenter size-medium wp-image-2061\" src=\"https:\/\/mieux-etre-dk.com\/wp-content\/uploads\/2020\/03\/R\u00e9flexologie-plantaire-14-300x251.png\" alt=\"\" width=\"300\" height=\"251\" srcset=\"https:\/\/mieux-etre-dk.com\/wp-content\/uploads\/2020\/03\/R\u00e9flexologie-plantaire-14-300x251.png 300w, https:\/\/mieux-etre-dk.com\/wp-content\/uploads\/2020\/03\/R\u00e9flexologie-plantaire-14-768x644.png 768w, https:\/\/mieux-etre-dk.com\/wp-content\/uploads\/2020\/03\/R\u00e9flexologie-plantaire-14.png 940w\" sizes=\"auto, (max-width: 300px) 100vw, 300px\" \/><\/a><\/td>\n<\/tr>\n<tr>\n<td style=\"width: 50%;\"><a href=\"https:\/\/mieux-etre-dk.com\/index.php\/album-photo-reflexologie-plantaire__trashed\/reflexologie-plantaire-15\/\" rel=\"attachment wp-att-2055\"><img loading=\"lazy\" decoding=\"async\" class=\"aligncenter size-medium wp-image-2055\" src=\"https:\/\/mieux-etre-dk.com\/wp-content\/uploads\/2020\/03\/R\u00e9flexologie-plantaire-15-300x251.png\" alt=\"\" width=\"300\" height=\"251\" srcset=\"https:\/\/mieux-etre-dk.com\/wp-content\/uploads\/2020\/03\/R\u00e9flexologie-plantaire-15-300x251.png 300w, https:\/\/mieux-etre-dk.com\/wp-content\/uploads\/2020\/03\/R\u00e9flexologie-plantaire-15-768x644.png 768w, https:\/\/mieux-etre-dk.com\/wp-content\/uploads\/2020\/03\/R\u00e9flexologie-plantaire-15.png 940w\" sizes=\"auto, (max-width: 300px) 100vw, 300px\" \/><\/a><\/td>\n<td style=\"width: 50%;\"><a href=\"https:\/\/mieux-etre-dk.com\/index.php\/album-photo-reflexologie-plantaire__trashed\/reflexologie-plantaire-16\/\" rel=\"attachment wp-att-2060\"><img loading=\"lazy\" decoding=\"async\" class=\"aligncenter size-medium wp-image-2060\" src=\"https:\/\/mieux-etre-dk.com\/wp-content\/uploads\/2020\/03\/R\u00e9flexologie-plantaire-16-300x251.png\" alt=\"\" width=\"300\" height=\"251\" srcset=\"https:\/\/mieux-etre-dk.com\/wp-content\/uploads\/2020\/03\/R\u00e9flexologie-plantaire-16-300x251.png 300w, https:\/\/mieux-etre-dk.com\/wp-content\/uploads\/2020\/03\/R\u00e9flexologie-plantaire-16-768x644.png 768w, https:\/\/mieux-etre-dk.com\/wp-content\/uploads\/2020\/03\/R\u00e9flexologie-plantaire-16.png 940w\" sizes=\"auto, (max-width: 300px) 100vw, 300px\" \/><\/a><\/td>\n<\/tr>\n<tr>\n<td style=\"width: 50%;\"><a href=\"https:\/\/mieux-etre-dk.com\/index.php\/album-photo-reflexologie-plantaire__trashed\/reflexologie-plantaire-17\/\" rel=\"attachment wp-att-2059\"><img loading=\"lazy\" decoding=\"async\" class=\"aligncenter size-medium wp-image-2059\" src=\"https:\/\/mieux-etre-dk.com\/wp-content\/uploads\/2020\/03\/R\u00e9flexologie-plantaire-17-300x251.png\" alt=\"\" width=\"300\" height=\"251\" srcset=\"https:\/\/mieux-etre-dk.com\/wp-content\/uploads\/2020\/03\/R\u00e9flexologie-plantaire-17-300x251.png 300w, https:\/\/mieux-etre-dk.com\/wp-content\/uploads\/2020\/03\/R\u00e9flexologie-plantaire-17-768x644.png 768w, https:\/\/mieux-etre-dk.com\/wp-content\/uploads\/2020\/03\/R\u00e9flexologie-plantaire-17.png 940w\" sizes=\"auto, (max-width: 300px) 100vw, 300px\" \/><\/a><\/td>\n<td style=\"width: 50%;\"><a href=\"https:\/\/mieux-etre-dk.com\/index.php\/album-photo-reflexologie-plantaire__trashed\/reflexologie-plantaire-18\/\" rel=\"attachment wp-att-2058\"><img loading=\"lazy\" decoding=\"async\" class=\"aligncenter size-medium wp-image-2058\" src=\"https:\/\/mieux-etre-dk.com\/wp-content\/uploads\/2020\/03\/R\u00e9flexologie-plantaire-18-300x251.png\" alt=\"\" width=\"300\" height=\"251\" srcset=\"https:\/\/mieux-etre-dk.com\/wp-content\/uploads\/2020\/03\/R\u00e9flexologie-plantaire-18-300x251.png 300w, https:\/\/mieux-etre-dk.com\/wp-content\/uploads\/2020\/03\/R\u00e9flexologie-plantaire-18-768x644.png 768w, https:\/\/mieux-etre-dk.com\/wp-content\/uploads\/2020\/03\/R\u00e9flexologie-plantaire-18.png 940w\" sizes=\"auto, (max-width: 300px) 100vw, 300px\" \/><\/a><\/td>\n<\/tr>\n<tr>\n<td style=\"width: 50%;\"><a href=\"https:\/\/mieux-etre-dk.com\/index.php\/album-photo-reflexologie-plantaire__trashed\/reflexologie-plantaire-19\/\" rel=\"attachment wp-att-2057\"><img loading=\"lazy\" decoding=\"async\" class=\"aligncenter size-medium wp-image-2057\" src=\"https:\/\/mieux-etre-dk.com\/wp-content\/uploads\/2020\/03\/R\u00e9flexologie-plantaire-19-300x251.png\" alt=\"\" width=\"300\" height=\"251\" srcset=\"https:\/\/mieux-etre-dk.com\/wp-content\/uploads\/2020\/03\/R\u00e9flexologie-plantaire-19-300x251.png 300w, https:\/\/mieux-etre-dk.com\/wp-content\/uploads\/2020\/03\/R\u00e9flexologie-plantaire-19-768x644.png 768w, https:\/\/mieux-etre-dk.com\/wp-content\/uploads\/2020\/03\/R\u00e9flexologie-plantaire-19.png 940w\" sizes=\"auto, (max-width: 300px) 100vw, 300px\" \/><\/a><\/td>\n<td style=\"width: 50%;\"><a href=\"https:\/\/mieux-etre-dk.com\/index.php\/album-photo-reflexologie-plantaire__trashed\/reflexologie-plantaire-20\/\" rel=\"attachment wp-att-2056\"><img loading=\"lazy\" decoding=\"async\" class=\"aligncenter size-medium wp-image-2056\" src=\"https:\/\/mieux-etre-dk.com\/wp-content\/uploads\/2020\/03\/R\u00e9flexologie-plantaire-20-300x251.png\" alt=\"\" width=\"300\" height=\"251\" srcset=\"https:\/\/mieux-etre-dk.com\/wp-content\/uploads\/2020\/03\/R\u00e9flexologie-plantaire-20-300x251.png 300w, https:\/\/mieux-etre-dk.com\/wp-content\/uploads\/2020\/03\/R\u00e9flexologie-plantaire-20-768x644.png 768w, https:\/\/mieux-etre-dk.com\/wp-content\/uploads\/2020\/03\/R\u00e9flexologie-plantaire-20.png 940w\" sizes=\"auto, (max-width: 300px) 100vw, 300px\" \/><\/a><\/td>\n<\/tr>\n<tr>\n<td style=\"width: 50%;\"><a href=\"https:\/\/mieux-etre-dk.com\/index.php\/actualite\/reflexologie-plantaire-3\/\" rel=\"attachment wp-att-2041\"><img loading=\"lazy\" decoding=\"async\" class=\"aligncenter size-medium wp-image-2041\" src=\"https:\/\/mieux-etre-dk.com\/wp-content\/uploads\/2020\/03\/R\u00e9flexologie-plantaire-300x251.png\" alt=\"\" width=\"300\" height=\"251\" srcset=\"https:\/\/mieux-etre-dk.com\/wp-content\/uploads\/2020\/03\/R\u00e9flexologie-plantaire-300x251.png 300w, https:\/\/mieux-etre-dk.com\/wp-content\/uploads\/2020\/03\/R\u00e9flexologie-plantaire-768x644.png 768w, https:\/\/mieux-etre-dk.com\/wp-content\/uploads\/2020\/03\/R\u00e9flexologie-plantaire.png 940w\" sizes=\"auto, (max-width: 300px) 100vw, 300px\" \/><\/a><\/td>\n<td style=\"width: 50%;\"><a href=\"https:\/\/mieux-etre-dk.com\/index.php\/actualite\/reflexologie-plantaire-1\/\" rel=\"attachment wp-att-2040\"><img loading=\"lazy\" decoding=\"async\" class=\"aligncenter size-medium wp-image-2040\" src=\"https:\/\/mieux-etre-dk.com\/wp-content\/uploads\/2020\/03\/R\u00e9flexologie-plantaire-1-300x251.png\" alt=\"\" width=\"300\" height=\"251\" srcset=\"https:\/\/mieux-etre-dk.com\/wp-content\/uploads\/2020\/03\/R\u00e9flexologie-plantaire-1-300x251.png 300w, https:\/\/mieux-etre-dk.com\/wp-content\/uploads\/2020\/03\/R\u00e9flexologie-plantaire-1-768x644.png 768w, https:\/\/mieux-etre-dk.com\/wp-content\/uploads\/2020\/03\/R\u00e9flexologie-plantaire-1.png 940w\" sizes=\"auto, (max-width: 300px) 100vw, 300px\" \/><\/a><\/td>\n<\/tr>\n<tr>\n<td style=\"width: 50%;\"><a href=\"https:\/\/mieux-etre-dk.com\/index.php\/actualite\/reflexologie-plantaire-2\/\" rel=\"attachment wp-att-2039\"><img loading=\"lazy\" decoding=\"async\" class=\"aligncenter size-medium wp-image-2039\" src=\"https:\/\/mieux-etre-dk.com\/wp-content\/uploads\/2020\/03\/R\u00e9flexologie-plantaire-2-300x251.png\" alt=\"\" width=\"300\" height=\"251\" srcset=\"https:\/\/mieux-etre-dk.com\/wp-content\/uploads\/2020\/03\/R\u00e9flexologie-plantaire-2-300x251.png 300w, https:\/\/mieux-etre-dk.com\/wp-content\/uploads\/2020\/03\/R\u00e9flexologie-plantaire-2-768x644.png 768w, https:\/\/mieux-etre-dk.com\/wp-content\/uploads\/2020\/03\/R\u00e9flexologie-plantaire-2.png 940w\" sizes=\"auto, (max-width: 300px) 100vw, 300px\" \/><\/a><\/td>\n<td style=\"width: 50%;\"><a href=\"https:\/\/mieux-etre-dk.com\/index.php\/pensee-mieux-etre\/reflexologie-plantaire-carnaval\/\" rel=\"attachment wp-att-2074\"><img loading=\"lazy\" decoding=\"async\" class=\"aligncenter size-medium wp-image-2074\" src=\"https:\/\/mieux-etre-dk.com\/wp-content\/uploads\/2020\/03\/r\u00e9flexologie-plantaire-carnaval-300x251.png\" alt=\"\" width=\"300\" height=\"251\" srcset=\"https:\/\/mieux-etre-dk.com\/wp-content\/uploads\/2020\/03\/r\u00e9flexologie-plantaire-carnaval-300x251.png 300w, https:\/\/mieux-etre-dk.com\/wp-content\/uploads\/2020\/03\/r\u00e9flexologie-plantaire-carnaval-768x644.png 768w, https:\/\/mieux-etre-dk.com\/wp-content\/uploads\/2020\/03\/r\u00e9flexologie-plantaire-carnaval.png 940w\" sizes=\"auto, (max-width: 300px) 100vw, 300px\" \/><\/a><\/td>\n<\/tr>\n<\/tbody>\n<\/table>\n<table style=\"border-collapse: collapse; width: 100%;\">\n<tbody>\n<tr>\n<td style=\"width: 50%;\"><a href=\"https:\/\/mieux-etre-dk.com\/index.php\/actualite\/mieux-etre-dans-la-boite-creative-jaune-place-jean-bart-a-dunkerque\/\" rel=\"attachment wp-att-1905\"><img loading=\"lazy\" decoding=\"async\" class=\"aligncenter size-medium wp-image-1905\" src=\"https:\/\/mieux-etre-dk.com\/wp-content\/uploads\/2020\/02\/Mieux-\u00eatre-dans-la-boite-cr\u00e9ative-jaune-place-Jean-Bart-\u00e0-Dunkerque-300x251.png\" alt=\"\" width=\"300\" height=\"251\" srcset=\"https:\/\/mieux-etre-dk.com\/wp-content\/uploads\/2020\/02\/Mieux-\u00eatre-dans-la-boite-cr\u00e9ative-jaune-place-Jean-Bart-\u00e0-Dunkerque-300x251.png 300w, https:\/\/mieux-etre-dk.com\/wp-content\/uploads\/2020\/02\/Mieux-\u00eatre-dans-la-boite-cr\u00e9ative-jaune-place-Jean-Bart-\u00e0-Dunkerque-768x644.png 768w, https:\/\/mieux-etre-dk.com\/wp-content\/uploads\/2020\/02\/Mieux-\u00eatre-dans-la-boite-cr\u00e9ative-jaune-place-Jean-Bart-\u00e0-Dunkerque.png 940w\" sizes=\"auto, (max-width: 300px) 100vw, 300px\" \/><\/a><\/td>\n<td style=\"width: 50%;\"><div style=\"width: 390px;\" class=\"wp-video\"><video class=\"wp-video-shortcode\" id=\"video-2085-1\" width=\"390\" height=\"314\" preload=\"metadata\" controls=\"controls\"><source type=\"video\/mp4\" src=\"https:\/\/mieux-etre-dk.com\/wp-content\/uploads\/2020\/02\/Mieux-\u00eatre-dans-la-boite-cr\u00e9ative-jaune-place-Jean-Bart-\u00e0-Dunkerque-1.mp4?_=1\" \/><a href=\"https:\/\/mieux-etre-dk.com\/wp-content\/uploads\/2020\/02\/Mieux-\u00eatre-dans-la-boite-cr\u00e9ative-jaune-place-Jean-Bart-\u00e0-Dunkerque-1.mp4\">https:\/\/mieux-etre-dk.com\/wp-content\/uploads\/2020\/02\/Mieux-\u00eatre-dans-la-boite-cr\u00e9ative-jaune-place-Jean-Bart-\u00e0-Dunkerque-1.mp4<\/a><\/video><\/div><\/td>\n<\/tr>\n<tr>\n<td style=\"width: 50%;\"><div style=\"width: 390px;\" class=\"wp-video\"><video class=\"wp-video-shortcode\" id=\"video-2085-2\" width=\"390\" height=\"314\" preload=\"metadata\" controls=\"controls\"><source type=\"video\/mp4\" src=\"https:\/\/mieux-etre-dk.com\/wp-content\/uploads\/2020\/02\/Mieux-\u00eatre-dans-la-boite-cr\u00e9ative-jaune-place-Jean-Bart-\u00e0-Dunkerque-2.mp4?_=2\" \/><a href=\"https:\/\/mieux-etre-dk.com\/wp-content\/uploads\/2020\/02\/Mieux-\u00eatre-dans-la-boite-cr\u00e9ative-jaune-place-Jean-Bart-\u00e0-Dunkerque-2.mp4\">https:\/\/mieux-etre-dk.com\/wp-content\/uploads\/2020\/02\/Mieux-\u00eatre-dans-la-boite-cr\u00e9ative-jaune-place-Jean-Bart-\u00e0-Dunkerque-2.mp4<\/a><\/video><\/div><\/td>\n<td style=\"width: 50%;\"><div style=\"width: 390px;\" class=\"wp-video\"><video class=\"wp-video-shortcode\" id=\"video-2085-3\" width=\"390\" height=\"314\" preload=\"metadata\" controls=\"controls\"><source type=\"video\/mp4\" src=\"https:\/\/mieux-etre-dk.com\/wp-content\/uploads\/2020\/02\/Mieux-\u00eatre-dans-la-boite-cr\u00e9ative-jaune-place-Jean-Bart-\u00e0-Dunkerque-3.mp4?_=3\" \/><a href=\"https:\/\/mieux-etre-dk.com\/wp-content\/uploads\/2020\/02\/Mieux-\u00eatre-dans-la-boite-cr\u00e9ative-jaune-place-Jean-Bart-\u00e0-Dunkerque-3.mp4\">https:\/\/mieux-etre-dk.com\/wp-content\/uploads\/2020\/02\/Mieux-\u00eatre-dans-la-boite-cr\u00e9ative-jaune-place-Jean-Bart-\u00e0-Dunkerque-3.mp4<\/a><\/video><\/div><\/td>\n<\/tr>\n<\/tbody>\n<\/table>\n","protected":false},"excerpt":{"rendered":"","protected":false},"author":1,"featured_media":0,"parent":0,"menu_order":0,"comment_status":"closed","ping_status":"closed","template":"","meta":{"footnotes":""},"class_list":["post-2085","page","type-page","status-publish","hentry"],"yoast_head":"<!-- This site is optimized with the Yoast SEO plugin v26.5 - https:\/\/yoast.com\/wordpress\/plugins\/seo\/ -->\n<title>Album de r\u00e9flexologie plantaire - MIEUX-\u00caTRE-DK<\/title>\n<meta name=\"robots\" content=\"index, follow, max-snippet:-1, max-image-preview:large, max-video-preview:-1\" \/>\n<link rel=\"canonical\" href=\"https:\/\/mieux-etre-dk.com\/index.php\/album-de-reflexologie-plantaire\/\" \/>\n<meta property=\"og:locale\" content=\"fr_FR\" \/>\n<meta property=\"og:type\" content=\"article\" \/>\n<meta property=\"og:title\" content=\"Album de r\u00e9flexologie plantaire - MIEUX-\u00caTRE-DK\" \/>\n<meta property=\"og:url\" content=\"https:\/\/mieux-etre-dk.com\/index.php\/album-de-reflexologie-plantaire\/\" \/>\n<meta property=\"og:site_name\" content=\"MIEUX-\u00caTRE-DK\" \/>\n<meta property=\"article:publisher\" content=\"https:\/\/www.facebook.com\/MieuxEtreDK\" \/>\n<meta property=\"article:modified_time\" content=\"2020-03-11T14:13:25+00:00\" \/>\n<meta name=\"twitter:card\" content=\"summary_large_image\" \/>\n<script type=\"application\/ld+json\" class=\"yoast-schema-graph\">{\"@context\":\"https:\/\/schema.org\",\"@graph\":[{\"@type\":\"WebPage\",\"@id\":\"https:\/\/mieux-etre-dk.com\/index.php\/album-de-reflexologie-plantaire\/\",\"url\":\"https:\/\/mieux-etre-dk.com\/index.php\/album-de-reflexologie-plantaire\/\",\"name\":\"Album de r\u00e9flexologie plantaire - MIEUX-\u00caTRE-DK\",\"isPartOf\":{\"@id\":\"https:\/\/mieux-etre-dk.com\/#website\"},\"datePublished\":\"2020-03-11T13:35:02+00:00\",\"dateModified\":\"2020-03-11T14:13:25+00:00\",\"breadcrumb\":{\"@id\":\"https:\/\/mieux-etre-dk.com\/index.php\/album-de-reflexologie-plantaire\/#breadcrumb\"},\"inLanguage\":\"fr-FR\",\"potentialAction\":[{\"@type\":\"ReadAction\",\"target\":[\"https:\/\/mieux-etre-dk.com\/index.php\/album-de-reflexologie-plantaire\/\"]}]},{\"@type\":\"BreadcrumbList\",\"@id\":\"https:\/\/mieux-etre-dk.com\/index.php\/album-de-reflexologie-plantaire\/#breadcrumb\",\"itemListElement\":[{\"@type\":\"ListItem\",\"position\":1,\"name\":\"Accueil\",\"item\":\"https:\/\/mieux-etre-dk.com\/\"},{\"@type\":\"ListItem\",\"position\":2,\"name\":\"Album de r\u00e9flexologie plantaire\"}]},{\"@type\":\"WebSite\",\"@id\":\"https:\/\/mieux-etre-dk.com\/#website\",\"url\":\"https:\/\/mieux-etre-dk.com\/\",\"name\":\"MIEUX-\u00caTRE-DK\",\"description\":\"Au-del\u00e0 du bien-\u00eatre\",\"publisher\":{\"@id\":\"https:\/\/mieux-etre-dk.com\/#organization\"},\"potentialAction\":[{\"@type\":\"SearchAction\",\"target\":{\"@type\":\"EntryPoint\",\"urlTemplate\":\"https:\/\/mieux-etre-dk.com\/?s={search_term_string}\"},\"query-input\":{\"@type\":\"PropertyValueSpecification\",\"valueRequired\":true,\"valueName\":\"search_term_string\"}}],\"inLanguage\":\"fr-FR\"},{\"@type\":\"Organization\",\"@id\":\"https:\/\/mieux-etre-dk.com\/#organization\",\"name\":\"mieux-etre-dk\",\"url\":\"https:\/\/mieux-etre-dk.com\/\",\"logo\":{\"@type\":\"ImageObject\",\"inLanguage\":\"fr-FR\",\"@id\":\"https:\/\/mieux-etre-dk.com\/#\/schema\/logo\/image\/\",\"url\":\"https:\/\/mieux-etre-dk.com\/wp-content\/uploads\/2019\/06\/logo-mieux-\u00eatre-dk-massage-relaxation-detente-personnalis\u00e9-refelexologie-plantaire-lacher-prise-d\u00e9contractant-dunkerque.png\",\"contentUrl\":\"https:\/\/mieux-etre-dk.com\/wp-content\/uploads\/2019\/06\/logo-mieux-\u00eatre-dk-massage-relaxation-detente-personnalis\u00e9-refelexologie-plantaire-lacher-prise-d\u00e9contractant-dunkerque.png\",\"width\":500,\"height\":500,\"caption\":\"mieux-etre-dk\"},\"image\":{\"@id\":\"https:\/\/mieux-etre-dk.com\/#\/schema\/logo\/image\/\"},\"sameAs\":[\"https:\/\/www.facebook.com\/MieuxEtreDK\",\"https:\/\/www.instagram.com\/mieuxetredk\/\"]}]}<\/script>\n<!-- \/ Yoast SEO plugin. -->","yoast_head_json":{"title":"Album de r\u00e9flexologie plantaire - MIEUX-\u00caTRE-DK","robots":{"index":"index","follow":"follow","max-snippet":"max-snippet:-1","max-image-preview":"max-image-preview:large","max-video-preview":"max-video-preview:-1"},"canonical":"https:\/\/mieux-etre-dk.com\/index.php\/album-de-reflexologie-plantaire\/","og_locale":"fr_FR","og_type":"article","og_title":"Album de r\u00e9flexologie plantaire - MIEUX-\u00caTRE-DK","og_url":"https:\/\/mieux-etre-dk.com\/index.php\/album-de-reflexologie-plantaire\/","og_site_name":"MIEUX-\u00caTRE-DK","article_publisher":"https:\/\/www.facebook.com\/MieuxEtreDK","article_modified_time":"2020-03-11T14:13:25+00:00","twitter_card":"summary_large_image","schema":{"@context":"https:\/\/schema.org","@graph":[{"@type":"WebPage","@id":"https:\/\/mieux-etre-dk.com\/index.php\/album-de-reflexologie-plantaire\/","url":"https:\/\/mieux-etre-dk.com\/index.php\/album-de-reflexologie-plantaire\/","name":"Album de r\u00e9flexologie plantaire - MIEUX-\u00caTRE-DK","isPartOf":{"@id":"https:\/\/mieux-etre-dk.com\/#website"},"datePublished":"2020-03-11T13:35:02+00:00","dateModified":"2020-03-11T14:13:25+00:00","breadcrumb":{"@id":"https:\/\/mieux-etre-dk.com\/index.php\/album-de-reflexologie-plantaire\/#breadcrumb"},"inLanguage":"fr-FR","potentialAction":[{"@type":"ReadAction","target":["https:\/\/mieux-etre-dk.com\/index.php\/album-de-reflexologie-plantaire\/"]}]},{"@type":"BreadcrumbList","@id":"https:\/\/mieux-etre-dk.com\/index.php\/album-de-reflexologie-plantaire\/#breadcrumb","itemListElement":[{"@type":"ListItem","position":1,"name":"Accueil","item":"https:\/\/mieux-etre-dk.com\/"},{"@type":"ListItem","position":2,"name":"Album de r\u00e9flexologie plantaire"}]},{"@type":"WebSite","@id":"https:\/\/mieux-etre-dk.com\/#website","url":"https:\/\/mieux-etre-dk.com\/","name":"MIEUX-\u00caTRE-DK","description":"Au-del\u00e0 du bien-\u00eatre","publisher":{"@id":"https:\/\/mieux-etre-dk.com\/#organization"},"potentialAction":[{"@type":"SearchAction","target":{"@type":"EntryPoint","urlTemplate":"https:\/\/mieux-etre-dk.com\/?s={search_term_string}"},"query-input":{"@type":"PropertyValueSpecification","valueRequired":true,"valueName":"search_term_string"}}],"inLanguage":"fr-FR"},{"@type":"Organization","@id":"https:\/\/mieux-etre-dk.com\/#organization","name":"mieux-etre-dk","url":"https:\/\/mieux-etre-dk.com\/","logo":{"@type":"ImageObject","inLanguage":"fr-FR","@id":"https:\/\/mieux-etre-dk.com\/#\/schema\/logo\/image\/","url":"https:\/\/mieux-etre-dk.com\/wp-content\/uploads\/2019\/06\/logo-mieux-\u00eatre-dk-massage-relaxation-detente-personnalis\u00e9-refelexologie-plantaire-lacher-prise-d\u00e9contractant-dunkerque.png","contentUrl":"https:\/\/mieux-etre-dk.com\/wp-content\/uploads\/2019\/06\/logo-mieux-\u00eatre-dk-massage-relaxation-detente-personnalis\u00e9-refelexologie-plantaire-lacher-prise-d\u00e9contractant-dunkerque.png","width":500,"height":500,"caption":"mieux-etre-dk"},"image":{"@id":"https:\/\/mieux-etre-dk.com\/#\/schema\/logo\/image\/"},"sameAs":["https:\/\/www.facebook.com\/MieuxEtreDK","https:\/\/www.instagram.com\/mieuxetredk\/"]}]}},"_links":{"self":[{"href":"https:\/\/mieux-etre-dk.com\/index.php\/wp-json\/wp\/v2\/pages\/2085","targetHints":{"allow":["GET"]}}],"collection":[{"href":"https:\/\/mieux-etre-dk.com\/index.php\/wp-json\/wp\/v2\/pages"}],"about":[{"href":"https:\/\/mieux-etre-dk.com\/index.php\/wp-json\/wp\/v2\/types\/page"}],"author":[{"embeddable":true,"href":"https:\/\/mieux-etre-dk.com\/index.php\/wp-json\/wp\/v2\/users\/1"}],"replies":[{"embeddable":true,"href":"https:\/\/mieux-etre-dk.com\/index.php\/wp-json\/wp\/v2\/comments?post=2085"}],"version-history":[{"count":16,"href":"https:\/\/mieux-etre-dk.com\/index.php\/wp-json\/wp\/v2\/pages\/2085\/revisions"}],"predecessor-version":[{"id":2103,"href":"https:\/\/mieux-etre-dk.com\/index.php\/wp-json\/wp\/v2\/pages\/2085\/revisions\/2103"}],"wp:attachment":[{"href":"https:\/\/mieux-etre-dk.com\/index.php\/wp-json\/wp\/v2\/media?parent=2085"}],"curies":[{"name":"wp","href":"https:\/\/api.w.org\/{rel}","templated":true}]}}