{"id":5730,"date":"2026-02-26T20:53:17","date_gmt":"2026-02-26T19:53:17","guid":{"rendered":"https:\/\/mieux-etre-dk.com\/?page_id=5730"},"modified":"2026-02-28T22:52:51","modified_gmt":"2026-02-28T21:52:51","slug":"massage-harmonie-feminine-massage-profond-et-relaxant-pour-femme","status":"publish","type":"page","link":"https:\/\/mieux-etre-dk.com\/index.php\/massage-harmonie-feminine-massage-profond-et-relaxant-pour-femme\/","title":{"rendered":"Massage Harmonie F\u00e9minine"},"content":{"rendered":"<p>&nbsp;<\/p>\n<table style=\"border-collapse: collapse; width: 100%;\">\n<tbody>\n<tr>\n<td style=\"width: 100%;\"><a href=\"https:\/\/mieux-etre-dk.com\/index.php\/massage-harmonie-feminine-massage-profond-et-relaxant-pour-femme\/massage-dunkerque-4\/\" rel=\"attachment wp-att-5733\"><img loading=\"lazy\" decoding=\"async\" class=\"size-medium wp-image-5733 aligncenter\" src=\"https:\/\/mieux-etre-dk.com\/wp-content\/uploads\/2026\/02\/massage-dunkerque-300x300.jpg\" alt=\"\" width=\"300\" height=\"300\" srcset=\"https:\/\/mieux-etre-dk.com\/wp-content\/uploads\/2026\/02\/massage-dunkerque-300x300.jpg 300w, https:\/\/mieux-etre-dk.com\/wp-content\/uploads\/2026\/02\/massage-dunkerque-1024x1024.jpg 1024w, https:\/\/mieux-etre-dk.com\/wp-content\/uploads\/2026\/02\/massage-dunkerque-150x150.jpg 150w, https:\/\/mieux-etre-dk.com\/wp-content\/uploads\/2026\/02\/massage-dunkerque-768x768.jpg 768w, https:\/\/mieux-etre-dk.com\/wp-content\/uploads\/2026\/02\/massage-dunkerque-1536x1536.jpg 1536w, https:\/\/mieux-etre-dk.com\/wp-content\/uploads\/2026\/02\/massage-dunkerque-2048x2048.jpg 2048w, https:\/\/mieux-etre-dk.com\/wp-content\/uploads\/2026\/02\/massage-dunkerque-1140x1140.jpg 1140w, https:\/\/mieux-etre-dk.com\/wp-content\/uploads\/2026\/02\/massage-dunkerque-75x75.jpg 75w\" sizes=\"auto, (max-width: 300px) 100vw, 300px\" \/><\/a><\/p>\n<p><strong>\u00a0Le Massage Harmonie F\u00e9minine est un massage profond et relaxant, sp\u00e9cialement pens\u00e9 pour les femmes.<\/strong><\/p>\n<p>Il permet de d\u00e9nouer les tensions, relancer la circulation et retrouver une sensation d\u2019harmonie dans le corps et l\u2019esprit.<\/p>\n<h3>Un massage signature: Massage Harmonie F\u00e9minine<\/h3>\n<p>Mon <strong>Massage Harmonie F\u00e9minine<\/strong> est mon massage signature.<\/p>\n<p>Il repose sur un protocole que j\u2019ai d\u00e9velopp\u00e9 au fil de mon exp\u00e9rience et qui combine plusieurs techniques pour un soin complet.<\/p>\n<p>Pendant la s\u00e9ance, je reste attentive \u00e0 ton corps et \u00e0 ses besoins du moment.<\/p>\n<p>Si certaines zones sont particuli\u00e8rement tendues, comme le dos, les \u00e9paules ou les jambes, j\u2019y consacre davantage de temps afin de lib\u00e9rer les tensions en profondeur.<\/p>\n<p>Chaque geste a une intention : d\u00e9tendre, lib\u00e9rer, harmoniser.<\/p>\n<p>C\u2019est un massage <strong>profond, doux et complet<\/strong>, pens\u00e9 pour que tu te sentes pleinement en s\u00e9curit\u00e9 et d\u00e9tendue.<\/p>\n<p><a href=\"https:\/\/mieux-etre-dk.com\/index.php\/massage-harmonie-feminine-massage-profond-et-relaxant-pour-femme\/massage-dunkerque-2-2\/\" rel=\"attachment wp-att-5731\"><img loading=\"lazy\" decoding=\"async\" class=\"aligncenter size-medium wp-image-5731\" src=\"https:\/\/mieux-etre-dk.com\/wp-content\/uploads\/2026\/02\/massage-dunkerque-2-300x300.jpg\" alt=\"\" width=\"300\" height=\"300\" srcset=\"https:\/\/mieux-etre-dk.com\/wp-content\/uploads\/2026\/02\/massage-dunkerque-2-300x300.jpg 300w, https:\/\/mieux-etre-dk.com\/wp-content\/uploads\/2026\/02\/massage-dunkerque-2-1024x1024.jpg 1024w, https:\/\/mieux-etre-dk.com\/wp-content\/uploads\/2026\/02\/massage-dunkerque-2-150x150.jpg 150w, https:\/\/mieux-etre-dk.com\/wp-content\/uploads\/2026\/02\/massage-dunkerque-2-768x768.jpg 768w, https:\/\/mieux-etre-dk.com\/wp-content\/uploads\/2026\/02\/massage-dunkerque-2-1536x1536.jpg 1536w, https:\/\/mieux-etre-dk.com\/wp-content\/uploads\/2026\/02\/massage-dunkerque-2-2048x2048.jpg 2048w, https:\/\/mieux-etre-dk.com\/wp-content\/uploads\/2026\/02\/massage-dunkerque-2-1140x1140.jpg 1140w, https:\/\/mieux-etre-dk.com\/wp-content\/uploads\/2026\/02\/massage-dunkerque-2-75x75.jpg 75w\" sizes=\"auto, (max-width: 300px) 100vw, 300px\" \/><\/a><\/p>\n<h3>Un massage profond qui lib\u00e8re les tensions<\/h3>\n<p>Lors de la s\u00e9ance, je viens :<\/p>\n<p>\u2013 d\u00e9nouer les tensions musculaires<\/p>\n<p>\u2013 travailler les zones contract\u00e9es en profondeur inspir\u00e9 du massage sportif<\/p>\n<p>\u2013 relancer la circulation sanguine, notamment dans les jambes<\/p>\n<p>-d\u2019apaiser les tensions, notamment celles qui se logent dans le ventre, ce si\u00e8ge \u00e9motionnel si puissant chez la femme<\/p>\n<p>\u2013 stimuler certains points inspir\u00e9s de la r\u00e9flexologie plantaire<\/p>\n<p>\u2013 soutenir l\u2019harmonisation \u00e9nerg\u00e9tique gr\u00e2ce \u00e0 mes mains<\/p>\n<p><strong>Ce massage agit autant sur le corps que sur le syst\u00e8me nerveux.<\/strong><\/p>\n<p>Mais au-del\u00e0 des techniques, le Massage Harmonie F\u00e9minine est avant tout un moment de d\u00e9tente profonde.<\/p>\n<p>Progressivement, le corps se rel\u00e2che.<\/p>\n<p>La respiration s\u2019apaise.<\/p>\n<p>Le mental ralentit.<\/p>\n<p>Les tensions fondent.<\/p>\n<p>Le syst\u00e8me nerveux se calme.<\/p>\n<p>Ce massage permet de retrouver une v\u00e9ritable sensation de relaxation, de l\u00e9g\u00e8ret\u00e9 et d\u2019\u00e9quilibre int\u00e9rieur.<\/p>\n<h3>Un moment pour se d\u00e9poser<\/h3>\n<p>Ce massage est r\u00e9serv\u00e9 exclusivement aux femmes.<\/p>\n<p>Un espace pens\u00e9 par une femme, pour les femmes, dans lequel tu peux d\u00e9poser la charge mentale et simplement recevoir.<\/p>\n<p>C\u2019est un temps pour :<\/p>\n<p>\u2013 te reconnecter \u00e0 ton corps<\/p>\n<p>\u2013 rel\u00e2cher les tensions et le stress<\/p>\n<p>\u2013 retrouver ton \u00e9nergie et ton \u00e9quilibre<\/p>\n<p>\u2013 ressentir une relaxation profonde et durable<\/p>\n<p>\u00ab\u00a0Offre-toi ce moment pour toi et laisse-toi porter par le Massage Harmonie F\u00e9minine : <a href=\"https:\/\/mieux-etre-dk.com\/index.php\/prise-de-rendez-vous\/\">Prendre rendez-vous<\/a> ou d\u00e9couvrir <a href=\"https:\/\/mieux-etre-dk.com\/index.php\/prestations-et-tarifs\/\">les tarifs<\/a>.\u00a0\u00bb<\/td>\n<\/tr>\n<\/tbody>\n<\/table>\n","protected":false},"excerpt":{"rendered":"<p>&nbsp; \u00a0Le Massage Harmonie F\u00e9minine est un massage profond et relaxant, sp\u00e9cialement pens\u00e9 pour les femmes. Il permet de d\u00e9nouer les tensions, relancer la circulation et retrouver une sensation d\u2019harmonie dans le corps et l\u2019esprit. Un massage signature: Massage Harmonie F\u00e9minine Mon Massage Harmonie F\u00e9minine est mon massage signature. Il repose sur un protocole que j\u2019ai d\u00e9velopp\u00e9 au fil de mon exp\u00e9rience et qui combine plusieurs techniques pour un soin complet. Pendant la s\u00e9ance, je reste attentive \u00e0 ton corps et \u00e0 ses besoins du moment. Si certaines zones sont particuli\u00e8rement tendues, comme le dos, les \u00e9paules ou les jambes, j\u2019y consacre davantage de temps afin de lib\u00e9rer les tensions en profondeur. Chaque geste a une intention : d\u00e9tendre, lib\u00e9rer, harmoniser. C\u2019est un massage profond, doux et complet, pens\u00e9 pour que tu te sentes pleinement en s\u00e9curit\u00e9 et d\u00e9tendue. Un massage profond qui lib\u00e8re les tensions Lors de la s\u00e9ance, je viens : \u2013 d\u00e9nouer les tensions musculaires \u2013 travailler les zones contract\u00e9es en profondeur inspir\u00e9 du massage sportif \u2013 relancer la circulation sanguine, notamment dans les jambes -d\u2019apaiser les tensions, notamment celles qui se logent dans le ventre, ce si\u00e8ge \u00e9motionnel si puissant chez la femme \u2013 stimuler certains points inspir\u00e9s de la r\u00e9flexologie plantaire \u2013 soutenir l\u2019harmonisation \u00e9nerg\u00e9tique gr\u00e2ce \u00e0 mes mains Ce massage agit autant sur le corps que sur le syst\u00e8me nerveux. Mais au-del\u00e0 des techniques, le Massage Harmonie F\u00e9minine est avant tout un moment de d\u00e9tente profonde. Progressivement, le corps se rel\u00e2che. La respiration s\u2019apaise. Le mental ralentit. Les tensions fondent. Le syst\u00e8me nerveux se calme. Ce massage permet de retrouver une v\u00e9ritable sensation de relaxation, de l\u00e9g\u00e8ret\u00e9 et d\u2019\u00e9quilibre int\u00e9rieur. Un moment pour se d\u00e9poser Ce massage est r\u00e9serv\u00e9 exclusivement aux femmes. Un espace pens\u00e9 par une femme, pour les femmes, dans lequel tu peux d\u00e9poser la charge mentale et simplement recevoir. C\u2019est un temps pour : \u2013 te reconnecter \u00e0 ton corps \u2013 rel\u00e2cher les tensions et le stress \u2013 retrouver ton \u00e9nergie et ton \u00e9quilibre \u2013 ressentir une relaxation profonde et durable \u00ab\u00a0Offre-toi ce moment pour toi et laisse-toi porter par le Massage Harmonie F\u00e9minine : Prendre rendez-vous ou d\u00e9couvrir les tarifs.\u00a0\u00bb<\/p>\n","protected":false},"author":1,"featured_media":0,"parent":0,"menu_order":0,"comment_status":"closed","ping_status":"closed","template":"","meta":{"footnotes":""},"class_list":["post-5730","page","type-page","status-publish","hentry"],"yoast_head":"<!-- This site is optimized with the Yoast SEO plugin v26.5 - https:\/\/yoast.com\/wordpress\/plugins\/seo\/ -->\n<title>Massage Harmonie F\u00e9minine - MIEUX-\u00caTRE-DK<\/title>\n<meta name=\"description\" content=\"\u201cD\u00e9couvrez le Massage Harmonie F\u00e9minine, un massage profond et relaxant r\u00e9serv\u00e9 aux femmes pour rel\u00e2cher tensions et retrouver harmonie.\u201d\" \/>\n<meta name=\"robots\" content=\"index, follow, max-snippet:-1, max-image-preview:large, max-video-preview:-1\" \/>\n<link rel=\"canonical\" href=\"https:\/\/mieux-etre-dk.com\/index.php\/massage-harmonie-feminine-massage-profond-et-relaxant-pour-femme\/\" \/>\n<meta property=\"og:locale\" content=\"fr_FR\" \/>\n<meta property=\"og:type\" content=\"article\" \/>\n<meta property=\"og:title\" content=\"Massage Harmonie F\u00e9minine - MIEUX-\u00caTRE-DK\" \/>\n<meta property=\"og:description\" content=\"\u201cD\u00e9couvrez le Massage Harmonie F\u00e9minine, un massage profond et relaxant r\u00e9serv\u00e9 aux femmes pour rel\u00e2cher tensions et retrouver harmonie.\u201d\" \/>\n<meta property=\"og:url\" content=\"https:\/\/mieux-etre-dk.com\/index.php\/massage-harmonie-feminine-massage-profond-et-relaxant-pour-femme\/\" \/>\n<meta property=\"og:site_name\" content=\"MIEUX-\u00caTRE-DK\" \/>\n<meta property=\"article:publisher\" content=\"https:\/\/www.facebook.com\/MieuxEtreDK\" \/>\n<meta property=\"article:modified_time\" content=\"2026-02-28T21:52:51+00:00\" \/>\n<meta property=\"og:image\" content=\"https:\/\/mieux-etre-dk.com\/wp-content\/uploads\/2026\/02\/massage-dunkerque-scaled.jpg\" \/>\n\t<meta property=\"og:image:width\" content=\"2560\" \/>\n\t<meta property=\"og:image:height\" content=\"2560\" \/>\n\t<meta property=\"og:image:type\" content=\"image\/jpeg\" \/>\n<meta name=\"twitter:card\" content=\"summary_large_image\" \/>\n<meta name=\"twitter:label1\" content=\"Dur\u00e9e de lecture estim\u00e9e\" \/>\n\t<meta name=\"twitter:data1\" content=\"3 minutes\" \/>\n<script type=\"application\/ld+json\" class=\"yoast-schema-graph\">{\"@context\":\"https:\/\/schema.org\",\"@graph\":[{\"@type\":\"WebPage\",\"@id\":\"https:\/\/mieux-etre-dk.com\/index.php\/massage-harmonie-feminine-massage-profond-et-relaxant-pour-femme\/\",\"url\":\"https:\/\/mieux-etre-dk.com\/index.php\/massage-harmonie-feminine-massage-profond-et-relaxant-pour-femme\/\",\"name\":\"Massage Harmonie F\u00e9minine - MIEUX-\u00caTRE-DK\",\"isPartOf\":{\"@id\":\"https:\/\/mieux-etre-dk.com\/#website\"},\"primaryImageOfPage\":{\"@id\":\"https:\/\/mieux-etre-dk.com\/index.php\/massage-harmonie-feminine-massage-profond-et-relaxant-pour-femme\/#primaryimage\"},\"image\":{\"@id\":\"https:\/\/mieux-etre-dk.com\/index.php\/massage-harmonie-feminine-massage-profond-et-relaxant-pour-femme\/#primaryimage\"},\"thumbnailUrl\":\"https:\/\/mieux-etre-dk.com\/wp-content\/uploads\/2026\/02\/massage-dunkerque-300x300.jpg\",\"datePublished\":\"2026-02-26T19:53:17+00:00\",\"dateModified\":\"2026-02-28T21:52:51+00:00\",\"description\":\"\u201cD\u00e9couvrez le Massage Harmonie F\u00e9minine, un massage profond et relaxant r\u00e9serv\u00e9 aux femmes pour rel\u00e2cher tensions et retrouver harmonie.\u201d\",\"breadcrumb\":{\"@id\":\"https:\/\/mieux-etre-dk.com\/index.php\/massage-harmonie-feminine-massage-profond-et-relaxant-pour-femme\/#breadcrumb\"},\"inLanguage\":\"fr-FR\",\"potentialAction\":[{\"@type\":\"ReadAction\",\"target\":[\"https:\/\/mieux-etre-dk.com\/index.php\/massage-harmonie-feminine-massage-profond-et-relaxant-pour-femme\/\"]}]},{\"@type\":\"ImageObject\",\"inLanguage\":\"fr-FR\",\"@id\":\"https:\/\/mieux-etre-dk.com\/index.php\/massage-harmonie-feminine-massage-profond-et-relaxant-pour-femme\/#primaryimage\",\"url\":\"https:\/\/mieux-etre-dk.com\/wp-content\/uploads\/2026\/02\/massage-dunkerque-scaled.jpg\",\"contentUrl\":\"https:\/\/mieux-etre-dk.com\/wp-content\/uploads\/2026\/02\/massage-dunkerque-scaled.jpg\",\"width\":2560,\"height\":2560,\"caption\":\"Massage Harmonie F\u00e9minine\"},{\"@type\":\"BreadcrumbList\",\"@id\":\"https:\/\/mieux-etre-dk.com\/index.php\/massage-harmonie-feminine-massage-profond-et-relaxant-pour-femme\/#breadcrumb\",\"itemListElement\":[{\"@type\":\"ListItem\",\"position\":1,\"name\":\"Accueil\",\"item\":\"https:\/\/mieux-etre-dk.com\/\"},{\"@type\":\"ListItem\",\"position\":2,\"name\":\"Massage Harmonie F\u00e9minine\"}]},{\"@type\":\"WebSite\",\"@id\":\"https:\/\/mieux-etre-dk.com\/#website\",\"url\":\"https:\/\/mieux-etre-dk.com\/\",\"name\":\"MIEUX-\u00caTRE-DK\",\"description\":\"Au-del\u00e0 du bien-\u00eatre\",\"publisher\":{\"@id\":\"https:\/\/mieux-etre-dk.com\/#organization\"},\"potentialAction\":[{\"@type\":\"SearchAction\",\"target\":{\"@type\":\"EntryPoint\",\"urlTemplate\":\"https:\/\/mieux-etre-dk.com\/?s={search_term_string}\"},\"query-input\":{\"@type\":\"PropertyValueSpecification\",\"valueRequired\":true,\"valueName\":\"search_term_string\"}}],\"inLanguage\":\"fr-FR\"},{\"@type\":\"Organization\",\"@id\":\"https:\/\/mieux-etre-dk.com\/#organization\",\"name\":\"mieux-etre-dk\",\"url\":\"https:\/\/mieux-etre-dk.com\/\",\"logo\":{\"@type\":\"ImageObject\",\"inLanguage\":\"fr-FR\",\"@id\":\"https:\/\/mieux-etre-dk.com\/#\/schema\/logo\/image\/\",\"url\":\"https:\/\/mieux-etre-dk.com\/wp-content\/uploads\/2019\/06\/logo-mieux-\u00eatre-dk-massage-relaxation-detente-personnalis\u00e9-refelexologie-plantaire-lacher-prise-d\u00e9contractant-dunkerque.png\",\"contentUrl\":\"https:\/\/mieux-etre-dk.com\/wp-content\/uploads\/2019\/06\/logo-mieux-\u00eatre-dk-massage-relaxation-detente-personnalis\u00e9-refelexologie-plantaire-lacher-prise-d\u00e9contractant-dunkerque.png\",\"width\":500,\"height\":500,\"caption\":\"mieux-etre-dk\"},\"image\":{\"@id\":\"https:\/\/mieux-etre-dk.com\/#\/schema\/logo\/image\/\"},\"sameAs\":[\"https:\/\/www.facebook.com\/MieuxEtreDK\",\"https:\/\/www.instagram.com\/mieuxetredk\/\"]}]}<\/script>\n<!-- \/ Yoast SEO plugin. -->","yoast_head_json":{"title":"Massage Harmonie F\u00e9minine - MIEUX-\u00caTRE-DK","description":"\u201cD\u00e9couvrez le Massage Harmonie F\u00e9minine, un massage profond et relaxant r\u00e9serv\u00e9 aux femmes pour rel\u00e2cher tensions et retrouver harmonie.\u201d","robots":{"index":"index","follow":"follow","max-snippet":"max-snippet:-1","max-image-preview":"max-image-preview:large","max-video-preview":"max-video-preview:-1"},"canonical":"https:\/\/mieux-etre-dk.com\/index.php\/massage-harmonie-feminine-massage-profond-et-relaxant-pour-femme\/","og_locale":"fr_FR","og_type":"article","og_title":"Massage Harmonie F\u00e9minine - MIEUX-\u00caTRE-DK","og_description":"\u201cD\u00e9couvrez le Massage Harmonie F\u00e9minine, un massage profond et relaxant r\u00e9serv\u00e9 aux femmes pour rel\u00e2cher tensions et retrouver harmonie.\u201d","og_url":"https:\/\/mieux-etre-dk.com\/index.php\/massage-harmonie-feminine-massage-profond-et-relaxant-pour-femme\/","og_site_name":"MIEUX-\u00caTRE-DK","article_publisher":"https:\/\/www.facebook.com\/MieuxEtreDK","article_modified_time":"2026-02-28T21:52:51+00:00","og_image":[{"width":2560,"height":2560,"url":"https:\/\/mieux-etre-dk.com\/wp-content\/uploads\/2026\/02\/massage-dunkerque-scaled.jpg","type":"image\/jpeg"}],"twitter_card":"summary_large_image","twitter_misc":{"Dur\u00e9e de lecture estim\u00e9e":"3 minutes"},"schema":{"@context":"https:\/\/schema.org","@graph":[{"@type":"WebPage","@id":"https:\/\/mieux-etre-dk.com\/index.php\/massage-harmonie-feminine-massage-profond-et-relaxant-pour-femme\/","url":"https:\/\/mieux-etre-dk.com\/index.php\/massage-harmonie-feminine-massage-profond-et-relaxant-pour-femme\/","name":"Massage Harmonie F\u00e9minine - MIEUX-\u00caTRE-DK","isPartOf":{"@id":"https:\/\/mieux-etre-dk.com\/#website"},"primaryImageOfPage":{"@id":"https:\/\/mieux-etre-dk.com\/index.php\/massage-harmonie-feminine-massage-profond-et-relaxant-pour-femme\/#primaryimage"},"image":{"@id":"https:\/\/mieux-etre-dk.com\/index.php\/massage-harmonie-feminine-massage-profond-et-relaxant-pour-femme\/#primaryimage"},"thumbnailUrl":"https:\/\/mieux-etre-dk.com\/wp-content\/uploads\/2026\/02\/massage-dunkerque-300x300.jpg","datePublished":"2026-02-26T19:53:17+00:00","dateModified":"2026-02-28T21:52:51+00:00","description":"\u201cD\u00e9couvrez le Massage Harmonie F\u00e9minine, un massage profond et relaxant r\u00e9serv\u00e9 aux femmes pour rel\u00e2cher tensions et retrouver harmonie.\u201d","breadcrumb":{"@id":"https:\/\/mieux-etre-dk.com\/index.php\/massage-harmonie-feminine-massage-profond-et-relaxant-pour-femme\/#breadcrumb"},"inLanguage":"fr-FR","potentialAction":[{"@type":"ReadAction","target":["https:\/\/mieux-etre-dk.com\/index.php\/massage-harmonie-feminine-massage-profond-et-relaxant-pour-femme\/"]}]},{"@type":"ImageObject","inLanguage":"fr-FR","@id":"https:\/\/mieux-etre-dk.com\/index.php\/massage-harmonie-feminine-massage-profond-et-relaxant-pour-femme\/#primaryimage","url":"https:\/\/mieux-etre-dk.com\/wp-content\/uploads\/2026\/02\/massage-dunkerque-scaled.jpg","contentUrl":"https:\/\/mieux-etre-dk.com\/wp-content\/uploads\/2026\/02\/massage-dunkerque-scaled.jpg","width":2560,"height":2560,"caption":"Massage Harmonie F\u00e9minine"},{"@type":"BreadcrumbList","@id":"https:\/\/mieux-etre-dk.com\/index.php\/massage-harmonie-feminine-massage-profond-et-relaxant-pour-femme\/#breadcrumb","itemListElement":[{"@type":"ListItem","position":1,"name":"Accueil","item":"https:\/\/mieux-etre-dk.com\/"},{"@type":"ListItem","position":2,"name":"Massage Harmonie F\u00e9minine"}]},{"@type":"WebSite","@id":"https:\/\/mieux-etre-dk.com\/#website","url":"https:\/\/mieux-etre-dk.com\/","name":"MIEUX-\u00caTRE-DK","description":"Au-del\u00e0 du bien-\u00eatre","publisher":{"@id":"https:\/\/mieux-etre-dk.com\/#organization"},"potentialAction":[{"@type":"SearchAction","target":{"@type":"EntryPoint","urlTemplate":"https:\/\/mieux-etre-dk.com\/?s={search_term_string}"},"query-input":{"@type":"PropertyValueSpecification","valueRequired":true,"valueName":"search_term_string"}}],"inLanguage":"fr-FR"},{"@type":"Organization","@id":"https:\/\/mieux-etre-dk.com\/#organization","name":"mieux-etre-dk","url":"https:\/\/mieux-etre-dk.com\/","logo":{"@type":"ImageObject","inLanguage":"fr-FR","@id":"https:\/\/mieux-etre-dk.com\/#\/schema\/logo\/image\/","url":"https:\/\/mieux-etre-dk.com\/wp-content\/uploads\/2019\/06\/logo-mieux-\u00eatre-dk-massage-relaxation-detente-personnalis\u00e9-refelexologie-plantaire-lacher-prise-d\u00e9contractant-dunkerque.png","contentUrl":"https:\/\/mieux-etre-dk.com\/wp-content\/uploads\/2019\/06\/logo-mieux-\u00eatre-dk-massage-relaxation-detente-personnalis\u00e9-refelexologie-plantaire-lacher-prise-d\u00e9contractant-dunkerque.png","width":500,"height":500,"caption":"mieux-etre-dk"},"image":{"@id":"https:\/\/mieux-etre-dk.com\/#\/schema\/logo\/image\/"},"sameAs":["https:\/\/www.facebook.com\/MieuxEtreDK","https:\/\/www.instagram.com\/mieuxetredk\/"]}]}},"_links":{"self":[{"href":"https:\/\/mieux-etre-dk.com\/index.php\/wp-json\/wp\/v2\/pages\/5730","targetHints":{"allow":["GET"]}}],"collection":[{"href":"https:\/\/mieux-etre-dk.com\/index.php\/wp-json\/wp\/v2\/pages"}],"about":[{"href":"https:\/\/mieux-etre-dk.com\/index.php\/wp-json\/wp\/v2\/types\/page"}],"author":[{"embeddable":true,"href":"https:\/\/mieux-etre-dk.com\/index.php\/wp-json\/wp\/v2\/users\/1"}],"replies":[{"embeddable":true,"href":"https:\/\/mieux-etre-dk.com\/index.php\/wp-json\/wp\/v2\/comments?post=5730"}],"version-history":[{"count":7,"href":"https:\/\/mieux-etre-dk.com\/index.php\/wp-json\/wp\/v2\/pages\/5730\/revisions"}],"predecessor-version":[{"id":5762,"href":"https:\/\/mieux-etre-dk.com\/index.php\/wp-json\/wp\/v2\/pages\/5730\/revisions\/5762"}],"wp:attachment":[{"href":"https:\/\/mieux-etre-dk.com\/index.php\/wp-json\/wp\/v2\/media?parent=5730"}],"curies":[{"name":"wp","href":"https:\/\/api.w.org\/{rel}","templated":true}]}}